*w**2 + w - 7. What is a(2)?
-5
Let t(f) = f**3 + 24*f**2 + 22*f - 27. Give t(-23).
-4
Let i(n) = n**2 - 16*n - 60. Determine i(19).
-3
Let s(g) = 21*g**2 + 145*g - 145. Calculate s(1).
21
Let i(k) = k**3 - k**2 - 8*k + 10. Give i(1).
2
Let p(a) = -5*a - 19. Give p(6).
-49
Let o(j) = -6*j - 4. Give o(-3).
14
Let u(o) = -o**2 - 4*o + 5. Determine u(1).
0
Let f(y) = -2*y**3 + 5*y**2 - 4*y + 5. What is f(2)?
1
Let h(f) = -f**2 - 8*f - 33. What is h(-8)?
-33
Let u(v) = 2*v**2 - 40*v + 30. What is u(19)?
-8
Let y(b) = -8*b**3 + 56*b**2 - 2*b + 7. What is y(7)?
-7
Let u(s) = -2*s**2 - 32*s - 111. What is u(-7)?
15
Let i(g) = 2*g**3 - 3*g**2 - 7*g - 3. Give i(-1).
-1
Let t(r) = r**3 + r**2 - 10*r + 4. Calculate t(3).
10
Let k(t) = -4*t - 49. Determine k(-14).
7
Let d(m) = m**3 + 20*m**2 + 21*m + 36. Determine d(-19).
-2
Let m(t) = -t**3 + 31*t**2 - 56*t + 22. Determine m(29).
80
Let r(j) = -j**3 + 9*j**2 - 31*j + 185. What is r(8)?
1
Let o(g) = 2*g - 19. Give o(-7).
-33
Let b(s) = -s**3 - 10*s**2. What is b(-10)?
0
Let f(x) = x**2 - 36*x - 454. Determine f(46).
6
Let z(c) = c**3 + 19*c**2 + 18*c + 23. What is z(-18)?
23
Let d(q) = q**2 - q - 2. Give d(-2).
4
Let u(s) = s**2 + 10*s + 24. Determine u(-6).
0
Let x(p) = 14*p + 161. Calculate x(-12).
-7
Let l(j) = -j**2 + 4*j + 2. Give l(-2).
-10
Let i(s) = 20*s + 1. Calculate i(-2).
-39
Let m(a) = -a**2 - 13*a - 5. Calculate m(-5).
35
Let t(b) = b**3 - 15*b**2 + 11*b + 18. What is t(14)?
-24
Let k(h) = -h**3 + 28*h**2 - 27*h + 27. Give k(27).
27
Let m(a) = 3*a**3 - a**2 - 2*a + 2. What is m(1)?
2
Let z(l) = -l - 1. What is z(-2)?
1
Let c(j) = j**3 - 9*j**2 + 7*j - 3. Determine c(6).
-69
Let b(s) = -7*s - 67. Calculate b(-9).
-4
Let w(f) = -2*f**3 + 15*f**2 + 7*f + 10. What is w(8)?
2
Let r(u) = -u**3 + 11*u**2 - 6*u + 11. Determine r(6).
155
Let w(t) = 84*t + 66. Give w(-1).
-18
Let w(x) = -7*x + 62. Give w(9).
-1
Let f(t) = t - 4. Give f(2).
-2
Let x(c) = -c**3 - 4*c**2 + 4*c + 5. What is x(-4)?
-11
Let c(q) = 23*q - 37. Calculate c(6).
101
Let s(a) = -a**3 + 7*a**2 - 6*a - 2. Give s(6).
-2
Let v(j) = 5*j - 11. Calculate v(0).
-11
Let h(t) = 3*t**3 + 92*t**2 - 29*t + 67. Give h(-31).
5
Let a(v) = 7*v + 24. What is a(7)?
73
Let c(o) = -2*o**2 - 5*o - 4. Give c(-2).
-2
Let q(h) = h**2 + 8*h + 20. What is q(-8)?
20
Let z(m) = 6*m**3 - 2*m - 3. What is z(-2)?
-47
Let j(o) = 37*o**2 + 3*o. Give j(2).
154
Let h(n) = 5*n - 4. Calculate h(-3).
-19
Let u(q) = 2*q - 1. Give u(-2).
-5
Let b(w) = 2*w - 51. Determine b(25).
-1
Let d(p) = p**2 - 10*p - 9. Give d(10).
-9
Let i(x) = -16*x + 4. Give i(1).
-12
Let w(b) = -b**3 + 25*b**2 + 2*b - 56. Calculate w(25).
-6
Let s(x) = -40*x**2 + x + 1. What is s(-1)?
-40
Let l(f) = -2*f - 26. What is l(0)?
-26
Let d(c) = c**2 + 8*c + 10. Calculate d(-3).
-5
Let i(s) = s - 53. Determine i(-7).
-60
Let l(p) = p**2 - 2*p - 4. Determine l(-3).
11
Let i(o) = -20*o + 6. Calculate i(-1).
26
Let n(a) = 48*a + 1. Determine n(1).
49
Let n(y) = y**2 + 2*y - 2. Determine n(-2).
-2
Let m(b) = b**3 + 9*b**2 - 10*b - 5. What is m(-10)?
-5
Let h(b) = -b**3 - 6*b**2 - 9*b - 20. Calculate h(-5).
0
Let n(f) = f**3 - 15*f**2 + 27*f - 12. Determine n(13).
1
Let p(z) = -z**3 + 4*z**2 + 20*z - 5. Determine p(7).
-12
Let x(s) = -s - 31. Calculate x(-14).
-17
Let n(a) = a**3 + a**2 + 4*a + 3. Determine n(-2).
-9
Let o(v) = v**3 - 5*v**2 - v + 7. Calculate o(4).
-13
Let u(t) = -t**3 + 1. What is u(0)?
1
Let u(s) = 9*s + 143. Determine u(-16).
-1
Let z(p) = 6*p + 37. Give z(-6).
1
Let h(l) = l**3 - 8*l**2 + 11*l + 11. What is h(6)?
5
Let p(r) = -r**3 + 9*r**2 + 9*r - 29. Determine p(9).
52
Let x(b) = 2*b. Calculate x(3).
6
Let z(d) = -d**2 + 20*d - 23. Calculate z(19).
-4
Let m(x) = -3*x - 29. What is m(13)?
-68
Let v(u) = u**2 - u - 4. Give v(-4).
16
Let h(s) = -s**3 + 9*s**2 + 4*s - 4. What is h(9)?
32
Let g(z) = -74*z - 588. What is g(-8)?
4
Let q(v) = -v**3 + 7*v**2 - 7. Determine q(6).
29
Let d(t) = -4*t - 7. What is d(-10)?
33
Let b(r) = -r**2 - 17*r + 6. Give b(-18).
-12
Let d(s) = s**3 - 19*s**2 - 19*s - 25. What is d(20)?
-5
Let o(g) = -5*g + 56. Give o(8).
16
Let c(a) = a**2 + 7*a - 5. Calculate c(-5).
-15
Let z(k) = k**3 - 3*k**2 + 5. Give z(3).
5
Let z(g) = -g**3 + g**2 + 4*g + 31. Determine z(0).
31
Let x(c) = 5*c**2 - 6*c - 10. Calculate x(-4).
94
Let b(a) = -2*a**2 + 3*a - 1. Give b(2).
-3
Let s(o) = -o**2 - 11*o - 16. Calculate s(-5).
14
Let t(q) = -q**3 + 11*q**2 - 6*q - 18. What is t(10)?
22
Let r(f) = 3*f - 30. Give r(14).
12
Let t(j) = j**3 - 18*j**2 + 16*j + 13. What is t(17)?
-4
Let x(o) = -2*o**2 - 47*o + 114. What is x(-26)?
-16
Let d(v) = v**3 + 7*v**2 + 2*v + 3. Give d(-7).
-11
Let n(v) = -v**3 + 4*v**2 + 3*v + 7. Determine n(5).
-3
Let q(s) = -57*s - 258. What is q(-5)?
27
Let d(h) = -7*h**2 - 4. Calculate d(3).
-67
Let u(i) = -2*i**3 - 19*i**2 - 11*i - 15. What is u(-9)?
3
Let w(s) = -2*s**3 + 4*s**2 + 3*s - 1. What is w(4)?
-53
Let l(n) = -2*n**2 - 7*n + 22. Give l(-7).
-27
Let y(x) = 17*x**3 - x. Give y(1).
16
Let l(p) = -98*p - 203. Determine l(-2).
-7
Let z(s) = -s + 7. Calculate z(12).
-5
Let x(g) = 5*g**2 - 23*g + 37. Determine x(3).
13
Let f(h) = -h**2 + 5*h + 23. Calculate f(-7).
-61
Let n(r) = -7*r + 32. Give n(6).
-10
Let r(g) = 7*g + 16. Determine r(-2).
2
Let a(o) = o**3 + 14*o**2 + 35*o. Give a(-11).
-22
Let y(k) = -k**2 + 15*k + 19. What is y(16)?
3
Let y(o) = -31*o + 19. Determine y(1).
-12
Let u(v) = v + 22. Determine u(-8).
14
Let n(v) = 29*v - 1. What is n(-1)?
-30
Let a(z) = -3*z + 71. Give a(23).
2
Let u(o) = -o**3 - 80*o**2 - 76*o + 241. What is u(-79)?
4
Let u(v) = -v + 4. Determine u(2).
2
Let z(a) = -a**2 - 11*a - 13. Calculate z(-11).
-13
Let a(q) = 13*q**2 - 3*q - 3. Calculate a(-1).
13
Let w(l) = -l**2 + 9*l + 7. Calculate w(9).
7
Let c(y) = 6*y**2 - 16*y - 1. What is c(4)?
31
Let j(z) = z**2 + 3*z - 48. Give j(-9).
6
Let q(i) = -i**2 + 24*i + 52. Give q(26).
0
Let z(f) = -2*f**2 + 46*f + 412. Calculate z(30).
-8
Let h(f) = 2*f - 14. Determine h(13).
12
Let z(s) = s**2 - 35*s - 242. Give z(41).
4
Let p(l) = l**2 + 2*l + 10. What is p(-6)?
34
Let m(c) = c**3 - 22*c**2 - 45*c - 59. Calculate m(24).
13
Let d(x) = -5*x - 5. What is d(-5)?
20
Let j(h) = 6*h**2 - 39*h + 4. Determine j(6).
-14
Let z(o) = -3*o**2 - 3*o + 11. Give z(-3).
-7
Let w(d) = d**2 - 3*d + 29. Give w(10).
99
Let g(i) = 2*i**2 + 9*i - 15. Calculate g(4).
53
Let l(r) = r**2 - 8*r - 9. Determine l(7).
-16
Let d(q) = -6*q + 134. Calculate d(20).
14
Let j(k) = 4*k + 19. Calculate j(-10).
-21
Let m(j) = j**3 - 12*j**2 + 7*j + 11. Calculate m(11).
-33
Let z(n) = 7*n - 126. What is z(24)?
42
Let f(u) = u**2 - 12*u - 5. Calculate f(6).
-41
Let c(l) = -l + 1. What is c(-2)?
3
Let p(q) = 9*q**2 + 179*q - 9. Give p(-20).
11
Let b(p) = -p**3 + 5*p**2 - 5*p - 1. Determine b(6).
-67
Let d(p) = 14*p + 68. Determine d(-4).
12
Let m(c) = -3*c**2 - 16*c + 100. Give m(-9).
1
Let a(c) = c**3 + 23*c**2 + 2*c + 56. Calculate a(-23).
10
Let v(h) = -h - 6. What is v(11)?
-17
Let m(v) = -v**3 - 17*v**2 + 19*v + 20. What is m(-18)?
2
Let i(v) = -5*v + 74. What is i(18)?
-16
Let t(h) = h**3 - 2*h**2 + 14. What is t(0)?
14
Let j(s) = s**3 + 15*s**2 - 32*s + 26. Calculate j(-17).
-8
Let l(c) = -c**3 + 7*c**2 + 4*c + 6. Give l(8).
-26
Let p(r) = -r**3 + 17*r**2 - 15*r - 19. What is p(16)?
-3
Let c(l) = 4*l + 3. Calculate c(2).
11
Let x(a) = -a**2 - 8*a + 11. Calculate x(-11).
-22
Let v(d) = 5*d**2 + 2*d + 1. Determine v(-1).
4
Let x(k) = -k**2 + k - 4. Determine x(-4).
-24
Let g(m) = 2*m - 28. Determine g(16).
4
Let w(k) = -23*k - 84. Determine w(-4).
8
Let y(m) = m**3 + m**2 + 7*m + 4. Give y(4).
112
Let d(u) = 7*u + 32. What is d(0)?
32
Let b(g) = 8*g - 6. What is b(5)?
34
Let j(g) = 2*g**2. What is j(4)?
32
Let s(q) = q**3 + 7*q**2 + 9*q - 12. Give s(-5).
-7
Let s(u) = u - 14. Give s(13).
-1
Let z(w) = -w**2 - 10*w + 12. What is z(-9)?
21
Let l(t) = t**3 - 11*t**2 - 2*t + 6. What is l(11)?
-16
Let b(o) = -o**3 - 2*o**2 + 4*o - 8. Give b(-5).
47
Let s(x) = 2*x**2 + 3*x - 35. Give s(4).
9
Let l(n) = n**3 + 12*n**2 - 14*n - 18. Determine l(-13).
-5
Let s(o) = -4*o + 7. What is s(3)?
-5
Let j(t) = 4*t**2 - 4*t + 4. Calculate j(3).
28
Let y(m) = m - 19. Calculate y(22).
3
Let t(b) = b**2 - 4*b - 40. What is t(9